?
8
Suppose -2*m + m + 4 = 0. Let c be -1 - (0/(-1) + 81). Let s = c - -126. What is the highest common factor of s and m?
4
Let k = -15 + -7. Let m be 20/110 + (-260)/k. Let b(j) = j**2 + 4*j - 2. Let o be b(4). What is the highest common factor of m and o?
6
Let h = -240 - -771. What is the greatest common divisor of 27 and h?
9
Let h = -132 - -251. Suppose 208 = 4*a + 140. Calculate the greatest common factor of h and a.
17
Let z = 4 - -13. Let h(a) = -a**2 + z + 2 - 12*a - 9. Let g be h(-12). What is the greatest common divisor of 2 and g?
2
Suppose -3*y + 4*y - 3*w - 20 = 0, 2*w = y - 16. Let d be (y + 2)/(4/8). Calculate the highest common factor of d and 8.
4
Let z = 88 - -8. Let l = -2244 - -2256. What is the greatest common divisor of z and l?
12
Let f be 2020*(-30)/(-160)*4. What is the highest common factor of 15 and f?
15
Let k(m) be the first derivative of m**2/2 + 17*m + 8. Let t be k(0). Calculate the highest common divisor of t and 119.
17
Suppose -6*i + 3*i - l + 2401 = 0, -803 = -i - 3*l. What is the highest common divisor of 25 and i?
25
Let s(j) = 3*j**2 + 2*j - 1. Suppose -5*m + 3 - 28 = 0, -5*m = 4*u + 57. Let d = u + 9. Let w be s(d). Calculate the highest common divisor of 4 and w.
4
Let l = -113 + 59. Let b be (-126)/l - (-8)/(-6). What is the greatest common divisor of 16 and b?
1
Let a = 36 - 34. Suppose -a*v + 6*v - 76 = 0. Let h = 2 + 17. Calculate the highest common factor of v and h.
19
Suppose 22*m + 34*m = 4760. What is the highest common divisor of m and 68?
17
Let y be 938/6 - 4/12. Let r = y + -59. Suppose -123 = -5*k - 0*k + 3*z, -3*k + r = 4*z. Calculate the highest common divisor of 9 and k.
9
Let s(a) = a**2 - 9*a + 35. Let c be s(7). What is the greatest common factor of c and 63?
21
Let i(r) = -2*r - 7. Suppose 4*y + 10 = 2*y. Let w be i(y). Let v(j) = j**3 + j**2 - 3*j. Let c be v(3). Calculate the greatest common factor of c and w.
3
Let h be (15/(-12))/(1/(-108)). Suppose h - 5 = 5*u. What is the greatest common factor of 39 and u?
13
Let g(r) = -r**2 - 10*r + 1. Suppose -21 - 6 = 3*j. Let o be g(j). Calculate the greatest common divisor of o and 2.
2
Let d = 33 + -9. Suppose g - d = -19. What is the greatest common divisor of 2 and g?
1
Suppose -6*d - 30 + 1236 = 0. Calculate the greatest common factor of d and 67.
67
Let y be 1/(-4) + (-1)/(-4). Let j be (1 + 2 - 2) + (-96)/(-6). Let c be -2 + (j - (-3 - y)). Calculate the greatest common factor of c and 6.
6
Let w be 4/18 + 22/(-18). Let p be (-1 - w)*(-4)/8. Suppose p = 10*m - 6*m - 80. Calculate the greatest common divisor of m and 30.
10
Suppose 7*l - 65 = 2*l. Let y be ((-15)/9)/(5/(-78)). Calculate the highest common divisor of y and l.
13
Suppose 564 = 5*t + 2*w, -t + 4*w - 24 = -150. What is the highest common factor of t and 76?
38
Suppose -17*t = -8*t - 9936. What is the highest common divisor of t and 24?
24
Suppose -11*j = -12*j - 8. Let k(c) = -c + 9. Let w be k(j). What is the greatest common divisor of w and 153?
17
Suppose k - 4*i - 80 = -3*k, -2*k - 4*i + 40 = 0. Suppose -q = -5*q + k. Let c be (2/3)/(10/675). What is the greatest common divisor of q and c?
5
Let u = -356 + 504. What is the highest common factor of 37 and u?
37
Let r = -424 + 1124. Calculate the highest common factor of r and 980.
140
Suppose 3*j = 4*j - 18. Let r = 567 - 531. Calculate the highest common divisor of j and r.
18
Let l be (-10)/3*(-336)/35. Suppose -l = -7*s + 3*s. Let a = -38 + 102. Calculate the highest common factor of a and s.
8
Let v(x) = 3*x. Let h be ((-69)/(-6) - 1)*2. Suppose -5*n - 1 + h = 0. Let l be v(n). What is the highest common factor of l and 60?
12
Suppose 96*p - 94*p = 4. Suppose 143 = k + p*k + 2*o, -o - 221 = -5*k. Calculate the highest common divisor of k and 5.
5
Suppose 0 = -229*g + 231*g - 64. Calculate the greatest common factor of g and 160.
32
Let r = 74 - -90. Calculate the highest common divisor of 205 and r.
41
Let v be 30/9*(-3)/(-2). Let p = 971 + -941. What is the greatest common factor of v and p?
5
Let d(p) = 5 - 5 + 2*p + 1 + 3*p**2. Let a be d(-1). Suppose 0 = -5*l - 20, 4*k + a = -3*l - 2. What is the greatest common divisor of 14 and k?
2
Suppose -23*p + 20*p + 108 = 0. Calculate the highest common factor of 4 and p.
4
Let n(d) = d**3 - 12*d**2 + 8. Let t be n(12). Let u = t - -7. What is the greatest common divisor of u and 60?
15
Suppose -18 = 86*v - 95*v. Calculate the highest common divisor of v and 32.
2
Suppose 55 = -5*h + 10*h. Suppose 15*j - h*j - 240 = 0. What is the greatest common factor of j and 6?
6
Suppose 383 = 24*h - 1441. Let g = 2 - 0. Let u(p) = 9*p + 1. Let n be u(g). What is the highest common divisor of n and h?
19
Let k = -52 - -53. Let c(h) = 59*h - 5. Let z be c(k). What is the highest common factor of 324 and z?
54
Let i = 3 + 2. Suppose -i*d = -2*d - 6. Suppose 4*z = o + 441, -d*z + o = 2*o - 219. Calculate the highest common divisor of z and 10.
10
Let s be ((-90)/12)/(2/(-4)). Let o be (-3)/4 - s/(-4). Suppose o*r = 5*r - 8. Calculate the greatest common factor of 2 and r.
2
Let a(h) = -h - 5. Let p be a(-8). Let r be p/7 - 146/14. Let q(v) = -8*v + 15. Let o be q(r). What is the greatest common divisor of 38 and o?
19
Let v = 176 + -99. Let r be 33/v - (-134)/14. Let q be (r/(-4))/(9/(-54)). What is the greatest common factor of 15 and q?
15
Let m(i) = -2*i - 13. Let q be m(-7). Let l be (-4110)/(-24) + q/(-4). Suppose 4*w - 59 = 17. What is the greatest common factor of w and l?
19
Let n(f) = f**3 - 7*f**2 - f + 5. Let i be n(7). Let p be (-2 - -3)*(-2)/i. Let k be (13 + -2)*1/p. What is the greatest common divisor of k and 22?
11
Suppose 5*v - 197 = 5*k - 2, 2*k + 83 = 3*v. Let g = 67 + k. Suppose -18 = -m + 4. What is the greatest common divisor of m and g?
11
Let d(v) = -7*v + 51. Let q be d(-17). What is the highest common divisor of 527 and q?
17
Let w = 12 - 25. Let f = w + 23. What is the greatest common factor of f and 30?
10
Let c = 34 + -20. Suppose -z + 20 = c. Calculate the highest common factor of 6 and z.
6
Suppose 253*m = 245*m + 312. Calculate the highest common factor of 819 and m.
39
Let u be (-6314)/(-533) + (-2)/13*-1. Suppose -2*q = -5*k - 130 + 19, 105 = 2*q - 3*k. What is the greatest common divisor of q and u?
12
Suppose -s - 139 = -r + 5*r, 2*s = r + 46. Let z = r + 38. Let k be 133/z - 1/2. Calculate the greatest common factor of 6 and k.
6
Let z(n) = -10*n + 24. Let v be z(-8). Suppose -14 - 12 = -2*o. What is the highest common divisor of o and v?
13
Let f(h) = h**3 + 14*h**2 + 5. Suppose -3*u - 24 = -3*l, 3*l = -u + 8 - 24. Let v be f(u). Calculate the highest common divisor of 45 and v.
45
Suppose -6*l + 5*l = 53. Let y = -37 - l. Calculate the highest common divisor of 4 and y.
4
Suppose 38*b - 4*o = 36*b, -5*b + 3*o = -35. What is the highest common factor of 15 and b?
5
Let m(a) = -2*a - 2*a**3 - 3*a**2 - 5*a**2 + 4 + 8*a. Let r = 12 + -18. Let n be m(r). What is the highest common factor of 14 and n?
14
Suppose 2*a - 2*p - 126 = -2*a, 4*p = 3*a - 102. Suppose -q + l - 7 = -0, l + 5 = -q. Let f be 1120/a*q/(-4). Calculate the greatest common factor of 8 and f.
8
Let t(a) = 44*a - 2. Let w be t(1). Calculate the greatest common factor of 42 and w.
42
Suppose -8*m - 22 = s - 13*m, 0 = -3*m + 15. Calculate the highest common divisor of 33 and s.
3
Let g = 3 - -11. Let d be (-1)/2 + 1547/g. Suppose 0 = -2*u + 27 + 17. What is the greatest common factor of d and u?
22
Let b(s) = s**2 + 1. Let r be b(-1). Let i = r + -14. Let d = -7 - i. What is the highest common factor of 2 and d?
1
Let t be (12/(-10))/((-57)/(-190)). Let d be 52/20 - t/10. Suppose g - 1 = d*o + 12, 0 = o - 4. What is the highest common factor of g and 5?
5
Let s be -6 + -3 + (67 - 7). What is the highest common factor of 17 and s?
17
Suppose c + 0 + 1 = 0, -3*c = 4*k - 117. Suppose m + m = 40. What is the highest common divisor of m and k?
10
Suppose 0 = -3*k + 15, 5*u = -3*k - 524 + 2339. What is the greatest common divisor of 90 and u?
90
Suppose 14 = -5*h - 11. Let g be (40/h)/(4/(-30)). What is the greatest common divisor of g and 15?
15
Suppose -r + 4*s + 14 = -2, 0 = 5*r - 4*s - 80. Let d = -1 - -5. Suppose -d = n - r. What is the greatest common divisor of n and 36?
12
Su